{"id":1043,"date":"2021-09-30T08:40:44","date_gmt":"2021-09-30T08:40:44","guid":{"rendered":"https:\/\/madlads.docker.supstance.net\/?page_id=1043"},"modified":"2021-10-01T09:50:17","modified_gmt":"2021-10-01T09:50:17","slug":"impressum","status":"publish","type":"page","link":"https:\/\/madlads.io\/?page_id=1043","title":{"rendered":"Impressum"},"content":{"rendered":"<div class='flex_column av-6l2r7-55d46114e2fd7ac44456f31a2d301878 av_one_full  avia-builder-el-0  avia-builder-el-no-sibling  first flex_column_div '     ><section  class='av_textblock_section av-ku5kp1zt-aa5456218e0532ee636dc22ccae67e01'  itemscope=\"itemscope\" itemtype=\"https:\/\/schema.org\/CreativeWork\" ><div class='avia_textblock'  itemprop=\"text\" ><p><b><span data-contrast=\"none\">Impressum<\/span><\/b><span data-ccp-props=\"{\">\u00a0<\/span><\/p>\n<p aria-level=\"2\"><span data-contrast=\"none\">supstance. GmbH &amp; Co.\u00a0<\/span><span data-contrast=\"none\">KG<\/span><br \/>\n<span data-contrast=\"none\">Theatinerstr. 42<\/span><br \/>\n<span data-contrast=\"none\">80333 M\u00fcnchen<\/span><span data-ccp-props=\"{\">\u00a0<\/span><\/p>\n<p><span data-contrast=\"none\">Telefon: +49\u00a089 995 296 44<\/span><br \/>\n<span data-contrast=\"none\">E-Mail:\u202f<\/span><a href=\"mailto:office@supstance.com\"><span data-contrast=\"none\">office@supstance.com<\/span><\/a><\/p>\n<p><b><span data-contrast=\"none\">Vertreten\u00a0durch:<\/span><\/b><br \/>\n<span data-contrast=\"none\">Gesch\u00e4ftsf\u00fchrer\u00a0Christian\u00a0Dreise, Olaf Schmitt<\/span><span data-ccp-props=\"{\">\u00a0<\/span><\/p>\n<p><b><span data-contrast=\"none\">Registereintrag:<\/span><\/b><br \/>\n<span data-contrast=\"none\">Eingetragen\u00a0im Handelsregister.<\/span><br \/>\n<span data-contrast=\"none\">Registergericht:\u00a0M\u00fcnchen<\/span><br \/>\n<span data-contrast=\"none\">Registernummer:\u00a094374<\/span><span data-ccp-props=\"{\">\u00a0<\/span><\/p>\n<p><b><span data-contrast=\"none\">Umsatzsteuer-ID:\u202f<\/span><\/b><br \/>\n<span data-contrast=\"none\">Umsatzsteuer-Identifikationsnummer nach \u00a727a Umsatzsteuergesetz:<\/span><br \/>\n<span data-contrast=\"none\">DE266912413<\/span><span data-ccp-props=\"{\">\u00a0<\/span><\/p>\n<p><b><span data-contrast=\"none\">Disclaimer \u2013 rechtliche Hinweise<\/span><\/b><span data-ccp-props=\"{\">\u00a0<\/span><\/p>\n<ul>\n<li><span data-contrast=\"none\"> 1 Warnhinweis zu Inhalten<\/span><br \/>\n<span data-contrast=\"none\">Die kostenlosen und frei zug\u00e4nglichen Inhalte dieser Webseite wurden mit gr\u00f6\u00dftm\u00f6glicher Sorgfalt erstellt. Der Anbieter dieser Webseite \u00fcbernimmt jedoch keine Gew\u00e4hr f\u00fcr die Richtigkeit und Aktualit\u00e4t der bereitgestellten kostenlosen und frei zug\u00e4nglichen journalistischen Ratgeber und Nachrichten. Namentlich gekennzeichnete Beitr\u00e4ge geben die Meinung des jeweiligen Autors und nicht immer die Meinung des Anbieters wieder. Allein durch den Aufruf der kostenlosen und frei zug\u00e4nglichen Inhalte kommt keinerlei Vertragsverh\u00e4ltnis zwischen dem Nutzer und dem Anbieter zustande, insoweit fehlt es am Rechtsbindungswillen des Anbieters.<\/span><\/li>\n<li><span data-contrast=\"none\"> 2 Externe Links<\/span><br \/>\n<span data-contrast=\"none\">Diese Website enth\u00e4lt Verkn\u00fcpfungen zu Websites Dritter (&#8220;externe Links&#8221;). Diese Websites unterliegen der Haftung der jeweiligen Betreiber. Der Anbieter hat bei der erstmaligen Verkn\u00fcpfung der externen Links die fremden Inhalte daraufhin \u00fcberpr\u00fcft, ob etwaige Rechtsverst\u00f6\u00dfe bestehen. Zu dem Zeitpunkt waren keine Rechtsverst\u00f6\u00dfe ersichtlich. Der Anbieter hat keinerlei Einfluss auf die aktuelle und zuk\u00fcnftige Gestaltung und auf die Inhalte der verkn\u00fcpften Seiten. Das Setzen von externen Links bedeutet nicht, dass sich der Anbieter die hinter dem Verweis oder Link liegenden Inhalte zuEigen\u00a0macht. Eine st\u00e4ndige Kontrolle der externen Links ist f\u00fcr den Anbieter ohne konkrete Hinweise auf Rechtsverst\u00f6\u00dfe nicht zumutbar. Bei Kenntnis von Rechtsverst\u00f6\u00dfen werden jedoch derartige externe Links unverz\u00fcglich gel\u00f6scht.<\/span><span data-ccp-props=\"{\">\u00a0<\/span><\/li>\n<li><span data-contrast=\"none\"> 3 Urheber- und Leistungsschutzrechte<\/span><br \/>\n<span data-contrast=\"none\">Die auf dieser Website ver\u00f6ffentlichten Inhalte unterliegen dem deutschen Urheber- und Leistungsschutzrecht. Jede vom deutschen Urheber- und Leistungsschutzrecht nicht zugelassene Verwertung bedarf der vorherigen schriftlichen Zustimmung des Anbieters oder jeweiligen Rechteinhabers. Dies gilt insbesondere f\u00fcr Vervielf\u00e4ltigung, Bearbeitung,\u00dcbersetzung, Einspeicherung, Verarbeitung bzw. Wiedergabe von Inhalten in Datenbanken oder anderen elektronischen Medien und Systemen. Inhalte und Rechte Dritter sind dabei als solche gekennzeichnet. Die unerlaubte Vervielf\u00e4ltigung oder Weitergabe einzelner Inhalte oder kompletter Seiten ist nicht gestattet und strafbar. Lediglich die Herstellung von Kopien und Downloads f\u00fcr den pers\u00f6nlichen, privaten und nicht kommerziellen Gebrauch ist erlaubt.<\/span><span data-ccp-props=\"{\">\u00a0<\/span><\/li>\n<\/ul>\n<p><span data-contrast=\"none\">Die Darstellung dieser Website in fremden Frames ist nur mit schriftlicher Erlaubnis zul\u00e4ssig.<\/span><span data-ccp-props=\"{\">\u00a0<\/span><\/p>\n<ul>\n<li><span data-contrast=\"none\"> 4 Besondere Nutzungsbedingungen<\/span><br \/>\n<span data-contrast=\"none\">Soweitbesondere Bedingungen f\u00fcr einzelne Nutzungen dieser Website von den vorgenannten Paragraphen abweichen, wird an entsprechender Stelle ausdr\u00fccklich darauf hingewiesen. In diesem Falle gelten im jeweiligen Einzelfall die besonderen Nutzungsbedingungen.<\/span><\/p>\n<p><span data-contrast=\"none\">Quelle:\u202f<\/span><a href=\"https:\/\/www.juraforum.de\/\"><span data-contrast=\"none\">Juraforum<\/span><\/a><span data-ccp-props=\"{\">\u00a0<\/span><\/li>\n<\/ul>\n<p><span data-ccp-props=\"{}\">\u00a0<\/span><\/p>\n<\/div><\/section><\/div>\n","protected":false},"excerpt":{"rendered":"","protected":false},"author":2,"featured_media":0,"parent":0,"menu_order":0,"comment_status":"closed","ping_status":"closed","template":"","meta":{"footnotes":""},"_links":{"self":[{"href":"https:\/\/madlads.io\/index.php?rest_route=\/wp\/v2\/pages\/1043"}],"collection":[{"href":"https:\/\/madlads.io\/index.php?rest_route=\/wp\/v2\/pages"}],"about":[{"href":"https:\/\/madlads.io\/index.php?rest_route=\/wp\/v2\/types\/page"}],"author":[{"embeddable":true,"href":"https:\/\/madlads.io\/index.php?rest_route=\/wp\/v2\/users\/2"}],"replies":[{"embeddable":true,"href":"https:\/\/madlads.io\/index.php?rest_route=%2Fwp%2Fv2%2Fcomments&post=1043"}],"version-history":[{"count":5,"href":"https:\/\/madlads.io\/index.php?rest_route=\/wp\/v2\/pages\/1043\/revisions"}],"predecessor-version":[{"id":1063,"href":"https:\/\/madlads.io\/index.php?rest_route=\/wp\/v2\/pages\/1043\/revisions\/1063"}],"wp:attachment":[{"href":"https:\/\/madlads.io\/index.php?rest_route=%2Fwp%2Fv2%2Fmedia&parent=1043"}],"curies":[{"name":"wp","href":"https:\/\/api.w.org\/{rel}","templated":true}]}}